 of (-3 + f - (11 - 12)) + 178?
1
Suppose -1042 = -24*x + 5078. What is the units digit of x?
5
Let f(s) = -s**2 - 5*s + 2. Let g be f(-4). Let i = 8 + g. What is the tens digit of 4/(2/(i/1))?
2
Suppose -9*z = -6*z + 60. Let p be (-27)/(-12) + 5/z. What is the units digit of -6*(-3 + 0)*p?
6
Suppose 2*b + 0*b = 80. What is the units digit of (-6)/8 + 150/b?
3
Let f(s) = 29*s**2 - 2*s + 2. Let h = -23 + 30. Suppose 8 + 2 = z + 3*r, -4*z = r - h. What is the tens digit of f(z)?
2
Let o = 2155 + 513. What is the units digit of o?
8
Suppose 8*u = 2068 + 156. Let b = u - -16. What is the tens digit of b?
9
Let x(y) = y**2 + 3. Let g be x(0). Suppose g*v - 378 = -0*v. What is the units digit of v?
6
Let v(c) = c**3 + 4*c**2 + c - 1. What is the tens digit of v(3)?
6
Let a be (-6 + 1)*(0 - 1). Suppose a*t - g + 29 + 255 = 0, -4*t = -5*g + 223. Let r = -32 - t. What is the tens digit of r?
2
Suppose -v - 1500 - 1507 = -4*h, -5*h + 3740 = 5*v. What is the units digit of h?
1
Suppose 4*t + 4*u + 734 = 2*u, 3*u = -4*t - 739. Let w = 10 - t. What is the tens digit of w?
9
What is the tens digit of 4 + -14 + (17 - -3913)?
2
Suppose 6*q - 8235 = -9*q. Suppose -3*r - q = -3*d, 3*d - 2*r = -115 + 664. What is the hundreds digit of d?
1
Let i(c) = 2*c + 4*c + 4*c + 49 + c. What is the tens digit of i(16)?
2
Suppose 0 = -3*w + c + 7764, 13*w = 17*w - 3*c - 10347. What is the thousands digit of w?
2
Let i = -1915 - -5016. What is the tens digit of i?
0
Let f = 876 - 712. What is the units digit of f?
4
Let w(c) = -c**2 - c + 19. Let r be w(-8). Let g = 90 + r. What is the units digit of g?
3
Let p(l) = -10*l + 64. Let r be p(6). Suppose 0 = -2*v - r*k + 21 + 173, 0 = -5*v + 2*k + 533. What is the tens digit of v?
0
Let d(y) = 0*y**2 - 17 - 7*y + 12 + 4*y**2 - 3*y**2. Let m be d(8). Suppose m*n = -n + 68. What is the units digit of n?
7
Let w(f) = -17 - 2 + 4*f - 6*f. Let g be w(-9). Let d(b) = 49*b**2 + 3*b + 2. What is the units digit of d(g)?
8
Suppose -4*j + 7*j - 84 = -y, 2*y = -2*j + 152. Suppose y = -m - 3*m. Let t = m - -27. What is the units digit of t?
9
Let m(w) = 22*w + 123. What is the tens digit of m(15)?
5
Suppose -3*d - 4*d + 10871 = 0. What is the hundreds digit of d?
5
Let h = 74 - -80. Let n = h - 84. What is the units digit of n?
0
Suppose 23 = d - 6. Suppose -d*n + 25*n + 280 = 0. Suppose 8*g = 3*g + n. What is the tens digit of g?
1
Let q(l) = -79*l + 761. What is the tens digit of q(-6)?
3
Let b = -416 + 596. What is the hundreds digit of b?
1
Suppose 4*f + 214 = 2*b, -27*b + 2*f + 575 = -22*b. What is the hundreds digit of b?
1
Let k(r) = 2*r**2 + 41*r + 19. Let f be k(-18). What is the units digit of 1*(-2)/((-4)/2) - f?
2
Let u(h) = -2*h**2 - 38*h + 12. What is the tens digit of u(-19)?
1
Let f be (18/(-15))/((-6)/20). Let i(p) = f - 3 + p + 1 + 5*p**2. What is the units digit of i(-2)?
0
Suppose 4*l - 3*f + 613 = -0*f, 5*f = -2*l - 339. Let t = 108 - l. What is the units digit of t?
5
Suppose -4*g = -g - r + 11, 2*g + 18 = -2*r. Let i = 7 - g. What is the units digit of i/(-15) + 148/10?
4
Suppose -5*k = 20, 5*k = 5*b - 6 + 1. Let c(z) = 12*z**2 - 5*z - 3. What is the units digit of c(b)?
0
Suppose 0 = -a + 3*x - 4*x + 143, -a - 2*x = -146. What is the tens digit of a?
4
Suppose -33*y + 10*y = -18285. What is the units digit of y?
5
Let m(p) = -4*p + 48. What is the units digit of m(-47)?
6
Let q(k) = -2*k. Let m(t) = 23*t + 3. Let z(i) = -m(i) - 3*q(i). Let y be (-27)/12 + 1/4. What is the tens digit of z(y)?
3
Let u = -5 + 5. Suppose u*l = -2*l - 2. Let o = l + 10. What is the units digit of o?
9
Let p(i) = -i**3 + 11*i**2 + 259*i - 21. What is the thousands digit of p(-14)?
1
Let x(v) = 13*v + 12. Let y be x(12). Let m = 425 - y. What is the units digit of m?
7
Suppose 3*r - 278 = t, -4*r - t + 374 = t. Let v = r + -47. Let c = 75 - v. What is the units digit of c?
9
Let m(y) be the third derivative of -y**4/6 - y**3/2 - 5*y**2. What is the tens digit of m(-11)?
4
Suppose -5*p + 0*n + 20 = 5*n, -3*p = -5*n + 12. Suppose 3*l = 2*u + 158 + p, -4*u = -3*l + 165. What is the units digit of l?
1
Let n(f) = -f + 19. Let p = 21 + -16. Let h = p - 5. What is the tens digit of n(h)?
1
Let w = 5318 - 2255. What is the thousands digit of w?
3
What is the tens digit of 504/10*125/10?
3
Suppose -5*w - 3*t + 138 = -2*w, 4*t = 5*w - 266. Let a = 93 + w. What is the units digit of a?
3
Let q = 6 + 18. Let v = 27 + -24. Suppose l + q = v*l. What is the tens digit of l?
1
Let c(y) be the first derivative of y**3 + 2*y**2 - 4*y - 27. Let x(v) = -v**2 - 3*v - 4. Let u be x(-3). What is the units digit of c(u)?
8
Let v = 5 - 10. Let g(w) = w**3 + 6*w**2 + 5*w + 7. What is the units digit of g(v)?
7
Let d(j) = 9*j - 3*j**3 + 2*j**3 - 12 - 9*j + 12*j**2 + 10*j. What is the hundreds digit of d(12)?
1
Let s(w) = 24*w**2 + w + 2. Suppose 2*f - 3 = -7. Let n be s(f). Suppose 0*a - n = -3*a. What is the tens digit of a?
3
Let l(w) = 422*w**2 - w + 13. What is the units digit of l(-3)?
4
Suppose -4*m + 3*d - 3 - 4 = 0, -4*m - 5*d + 33 = 0. Suppose -m*h - 27 = -3*h. Let j = 53 - h. What is the tens digit of j?
2
Let g(n) = 480*n**3 + 5*n - 4. What is the tens digit of g(1)?
8
Let o = 390 + -260. Suppose 8*j - 310 = o. What is the tens digit of j?
5
Let r be 4/((-12)/15) + 29. Suppose 0 = -27*f + r*f + 906. What is the units digit of f?
2
Suppose f = 7*f - 390. Let g = f + -4. What is the units digit of g?
1
Let l be (-8)/2 + 3 - -7. Let g = l + -4. Suppose g*m = 5*u - 21 - 39, -4*u + 3*m = -48. What is the tens digit of u?
1
What is the thousands digit of 249*(-1)/(-6)*26?
1
Suppose 4*x + 5*o + 2023 = 8155, 0 = x + 3*o - 1540. What is the units digit of x?
8
Suppose 624 = -4*x + 3*m + 1853, 0 = 3*x + m - 938. What is the hundreds digit of x?
3
Suppose 0*h + 3*h = 12. Suppose 0 = -h*f + 2*f + 22. Suppose -7*s = -f*s + 60. What is the units digit of s?
5
Let c(d) = d. Suppose 38 = -i - 3*i - 2*o, 4*o = i - 4. Let n be c(i). Let g(y) = -y**2 - 11*y - 2. What is the tens digit of g(n)?
2
What is the thousands digit of 9/(-24) - 203592/(-192)?
1
Let i be (6/4)/((-3)/(-4)). Suppose i*l = -l. Suppose 5*t - 17 + 7 = l. What is the units digit of t?
2
Let c(g) = 3*g**2 + 7*g - 7. What is the hundreds digit of c(5)?
1
Let o(i) = 2*i**3 - 12*i**2 + 12*i - 24. What is the units digit of o(8)?
8
Let j(l) = 91*l**3 - 1. What is the units digit of j(1)?
0
Suppose -2*a + 11 = v - 0*a, 0 = 5*v - 3*a - 42. Suppose -v*o = -2*o - 77. What is the tens digit of o?
1
Suppose -2*p - 23 = -5*p + h, -h = 5*p - 49. What is the units digit of p?
9
Suppose -14433 = -4*i + a, 3*i + a - 10818 = 4*a. What is the units digit of i?
9
Let y = -20 + 17. Let k be (-1)/(y/3) + 59. Suppose -l + k = 3*l. What is the tens digit of l?
1
Let u(j) = 82*j + 142. What is the thousands digit of u(29)?
2
Suppose 3*u = -f + 36 - 1, 57 = 5*u + 2*f. Let v(g) = 3*g + 11. Let k be v(-8). Let z = u - k. What is the tens digit of z?
2
Let u = 88 - 49. Suppose 249 - u = 7*z. What is the tens digit of z?
3
Let c(q) be the second derivative of -1/3*q**3 - 5/2*q**2 + 0 + 8*q. What is the tens digit of c(-13)?
2
Suppose p + 13 = 5*u, -p - p + 2*u = 2. Suppose 3*t + 5*f - 995 = -p*t, -f = 4*t - 805. What is the units digit of t?
2
Suppose 0 = -4*j + 4*t + 8816, 58*t = -5*j + 53*t + 11060. What is the hundreds digit of j?
2
Let z(g) = 22*g - 43. What is the hundreds digit of z(17)?
3
What is the hundreds digit of (-3)/2*110448/(-216)?
7
What is the units digit of 1/5 + (-176)/80 + 1165?
3
Suppose z = -3*z + 32. Suppose 4*n - z*n - 20 = 0, d + n - 43 = 0. Suppose 4*r + d = 5*r. What is the units digit of r?
8
What is the hundreds digit of (-427 + 1)*(16 - (-560)/(-21))?
5
Suppose 0 = -4*k + 4*d + 472, -2*k + 2*d = k - 356. Let f = k - -46. What is the hundreds digit of f?
1
Let x(f) = -f**3 + f**2 - f - 1. Let c be x(-2). Let t = c - 18. What is the units digit of (-2)/5 + (-112)/t?
2
Suppose -5791 = 8*g - 20023. What is the hundreds digit of g?
7
Let n = 962 + -469. What is the units digit of n?
3
Suppose 6*n + 11616 = 28*n. What is the units digit of n?
8
Let h = -23 - -76. Suppose -h - 1 = -3*d + 3*t, -3*d - 4*t = -82. Suppose 5*l - 32 = -u, 2*u - u - 5*l - d = 0. What is the tens digit of u?
2
Let x(s) = 627*s**3 -